8 + (-5)/(-2). Let t(n) = 2*n**2 - 3*n**2 - 3 - 9*n + 0*n**q - 1. Let y be t(-4). What is the greatest common divisor of 48 and y?
16
Suppose -5*c + 4 = -4*c. Suppose 0*s + c*s = -4, -m + 3*s = -9. Suppose 2*t - m = 2. What is the greatest common divisor of 20 and t?
4
Let a be (-2)/5*-1 + 76860/350. What is the highest common factor of a and 30?
10
Let m(y) = -4*y + 204. Let l be m(45). Calculate the highest common divisor of 156 and l.
12
Let b be (8/10)/((-4)/(-10)). Let n be (11 + -3)/b - -29. Calculate the greatest common divisor of 33 and n.
33
Suppose g + 2 + 2 = 2*z, 4*g = 3*z - 6. Suppose g*i = -i + 135. Suppose 5*f + 0*a + 5*a = i, f - 4*a = 12. What is the greatest common factor of 12 and f?
12
Suppose 0 - 48 = -4*a. Let z(o) = -o + 1. Let y be z(-4). Suppose y*q - 11 - 109 = 0. Calculate the highest common factor of a and q.
12
Suppose -424*y + 419*y = -320. Calculate the greatest common divisor of 16 and y.
16
Let t be (-4)/3*(-63)/28. Suppose t*s = 90 + 33. Calculate the greatest common factor of 123 and s.
41
Suppose -c = -i + 46, -3*i + 2*c + 139 = -2*c. Let x be (-9)/(1/i*-3). What is the greatest common factor of x and 15?
15
Let z = -45 - -67. What is the highest common factor of z and 275?
11
Let w be 174/24 + 2/(-8). Suppose 85 + 13 = 2*o. What is the highest common divisor of w and o?
7
Suppose -12 = 5*g - 72. Let h(s) = s**3 + 2*s - 3. Let n be h(3). Calculate the greatest common factor of g and n.
6
Suppose 0 = 5*y - 4*w - 1988, 0 = -5*y + 59*w - 57*w + 1984. What is the greatest common divisor of y and 924?
132
Suppose -q - 1 = 0, 6*k - 2*q + 22 = 2*k. Let d(j) = -2*j**2 - 15*j - 15. Let f be d(k). Suppose -69 = -3*h + f. What is the highest common factor of h and 72?
24
Let k be 21*(4 + (-33)/9). Let f(v) = v + 1. Let n be f(2). Suppose -4*a - p = -113, -a + n*p = 4*p - 29. What is the highest common divisor of a and k?
7
Let r = -82 - -117. Let u = r - 32. Let g = u + 11. What is the highest common divisor of g and 28?
14
Suppose 4*g - 430 = -p - 36, 4*g - 2*p = 400. Let i be -1 + 1 + (93 - 82). Calculate the greatest common factor of i and g.
11
Let v(z) = z**2 + 10*z + 29. Suppose -5*l + 56 = 3*l. Let u(d) = -d**2 + 5*d. Let w be u(l). Let r be v(w). Calculate the greatest common divisor of 17 and r.
17
Suppose 157*c - 720 = 133*c. Suppose 0 = 3*k + 5*d - 245, -3*k + k + 146 = -d. Calculate the greatest common factor of k and c.
15
Suppose 9*w - 64 = 5*w + 2*l, 5*w - 2*l - 80 = 0. Calculate the highest common factor of 20 and w.
4
Suppose 0 = -12*i + 47*i - 1470. Calculate the greatest common factor of 28 and i.
14
Let l = 237 - -195. What is the highest common factor of l and 9?
9
Suppose -5*s + w + 0*w = -88, 0 = 3*s - w - 54. What is the greatest common factor of 1411 and s?
17
Suppose -178*s - 60 = -183*s. Let u be (-2)/(-1*2/4). Suppose -u*y + 82 = -38. What is the greatest common divisor of y and s?
6
Suppose -121*b + 117*b = -96. Calculate the highest common factor of 6 and b.
6
Let u = 6 - 33. Let c = u + 30. What is the greatest common factor of 6 and c?
3
Let z(v) = -36*v - 1. Let k be z(-1). Let o = 508 + -298. What is the highest common factor of k and o?
35
Suppose 0*f = 4*f - 16. Let l(i) = -i**3 + 5*i**2 - 3*i + 4. Suppose -8 = -12*y + 8*y. Let j be l(y). What is the greatest common factor of j and f?
2
Let t(g) = -g**3 - 6*g**2 - g - 4. Let i be t(-6). Suppose -y + i*x = -27, 2*y - 87 = -y + 3*x. Let z = y + 9. Calculate the highest common divisor of z and 5.
5
Suppose -4*u + 3*x + 113 = 0, -3*u + 62 = -5*x - 9. What is the highest common divisor of 32 and u?
32
Let i(f) = -f. Let o be i(-3). Suppose v + 87 + 210 = 0. Let z be ((-2)/2)/(o/v). Calculate the highest common factor of z and 11.
11
Suppose -5*y - 25 = -7*n + 2*n, 4*n - 11 = y. Suppose -2*u + 28 = -0*u + 2*x, n*x - 10 = 0. What is the highest common divisor of 18 and u?
9
Let b be 156/(2 + (-96)/56). Calculate the highest common divisor of b and 42.
42
Let c(t) = -t**3 - 6*t**2 + 6*t + 12. Let p be c(-5). Let m = p + 50. Calculate the greatest common factor of 1 and m.
1
Suppose -90 = -3*v - 2*v. Let y be -4*(-45)/40 + (-1)/2. Suppose -3*d = 3*b - 18, -y*d - 2*b + 21 = -d. What is the highest common divisor of d and v?
9
Let k(r) = -r**2 + 9*r - 7. Suppose -7*u + 26 = -3*u + 2*i, 0 = -2*u - 3*i + 7. Let g be k(u). What is the greatest common divisor of 1 and g?
1
Suppose 5*j - 8*u - 2763 = -6*u, -555 = -j + u. What is the greatest common factor of j and 19?
19
Suppose 3*v = 66 - 3. Let k be (-29 + -1)*294/(-70). Calculate the highest common factor of v and k.
21
Suppose 4*s = -l + 180, l + 3*s = -l + 385. What is the greatest common factor of 50 and l?
50
Let o be (6/(-9))/((-2)/9). Suppose -4*p = -5*f - 49, -2*f + 1 - 17 = -p. Calculate the highest common divisor of o and p.
3
Let u be ((-96)/20)/((-1)/5). Suppose -o - o + 124 = 0. Let l be (2 - 7) + 3 + o. Calculate the highest common divisor of u and l.
12
Suppose 0 = -3*z, 0*r = -5*r + 5*z + 85. Suppose 3*w = 2*w + 2*x - r, 2*w + 5*x = 2. Let o = w - -10. What is the highest common factor of o and 1?
1
Let l = 55 - 29. Let d be (1 - (-24 - 1))*44/8. What is the greatest common factor of l and d?
13
Let v(x) = -x + 3. Let y be v(2). Let d be (y/4)/((-11)/44). Let g be 3 - 0/d - -129. Calculate the greatest common divisor of g and 12.
12
Let g = -108 - -81. Let z = g + 247. Calculate the highest common divisor of 20 and z.
20
Let u be 2*((-120)/(-176) + 2/(-11)). What is the highest common divisor of 79 and u?
1
Let x be ((-3 - -3) + 4)/2. Let l be x/8 + 7/4. Let f = l + 10. Calculate the highest common divisor of 48 and f.
12
Let b be 655/20 - (-2)/8. Let x = 57 - b. Calculate the highest common divisor of 24 and x.
24
Let h be (11/10 - (-12)/(-24))*40. Calculate the greatest common factor of h and 680.
8
Let x(b) = b**2 + 16*b + 20. Let u be 9/3 + 6 + -2. Let j be ((-42)/u)/(6/16). Let w be x(j). What is the highest common factor of w and 4?
4
Let u(t) = -t**3 - 9*t**2 + 7*t + 6. Let a be u(-10). Suppose 0 = -3*s + 3, 5*r + 7*s - 3*s = 49. What is the greatest common factor of a and r?
9
Let y = -82 + 104. Let s(p) = -p**3 + 6*p**2 + 7*p + 7. Let j be s(7). Let i be (-4)/14 - (-464)/j. What is the highest common divisor of i and y?
22
Suppose -6*f + 5*f = 52. Let r = -33 - f. Let v = 208 - r. Calculate the greatest common factor of v and 21.
21
Suppose 8*x - 2640 = -22*x. Calculate the greatest common factor of x and 264.
88
Let g(y) = -y**2 - 3*y + 8. Let f be g(-4). Calculate the highest common factor of 80 and f.
4
Suppose 0*f - 360 = -4*f. Let o be (2/(-4))/((-2)/216). Suppose -5*y = -p - 4*p - 40, -2*p = 5*y - o. What is the greatest common divisor of f and y?
10
Let a be (-1)/(-5) - (-168)/35. Let f = -118 + 214. Let i = 136 - f. Calculate the highest common factor of a and i.
5
Let t(h) = h - 22. Let k be t(8). Let f be ((-72)/16)/(1/k). What is the highest common factor of f and 42?
21
Let f be (-9)/(-4*(-6)/(-72)). What is the greatest common factor of f and 225?
9
Let p = -839 + 371. Suppose -36*w + 37*w + 1 = 0. Let m be (p/(-65))/(w/(-15)). Calculate the greatest common factor of 12 and m.
12
Let f be (286 - (-4)/1)/2. Suppose -3*l - f = -5*c - 2*l, 4*c - 2*l = 122. What is the greatest common divisor of 4 and c?
4
Let u(a) = a**2 + 2. Let k be u(0). What is the greatest common factor of k and 22?
2
Let q = -338 + 371. Suppose -3*p + 640 = p - 5*k, 0 = p - k - 161. Calculate the highest common factor of p and q.
33
Let g be (0 - 3 - -22)*5. Let r = -54 + 92. What is the highest common factor of r and g?
19
Let i = 165 + -144. Calculate the greatest common divisor of i and 42.
21
Let k = -89 - -128. Calculate the greatest common factor of 78 and k.
39
Suppose 0 = 3*x - 8*x + 5*v + 1010, -4*v + 1055 = 5*x. Let r = -151 + 174. Calculate the greatest common factor of x and r.
23
Let x = -6 - -12. Let g(p) = 2 + 2 - p**2 + 5*p + 2. Let k be g(5). What is the highest common divisor of k and x?
6
Let u(x) be the third derivative of -x**6/120 - x**5/20 + 5*x**4/12 + 2*x**3/3 + 7*x**2. Let g be u(-5). Calculate the greatest common factor of 32 and g.
4
Suppose 381 = 6*k + 279. Calculate the greatest common divisor of k and 102.
17
Let g = 5637 - 3052. Calculate the greatest co